{"id":9,"date":"2014-09-30T21:38:46","date_gmt":"2014-09-30T21:38:46","guid":{"rendered":"http:\/\/immolo.net\/?page_id=9"},"modified":"2017-05-08T13:06:24","modified_gmt":"2017-05-08T13:06:24","slug":"service-fuer-verkaeufer","status":"publish","type":"page","link":"https:\/\/immolo.net\/?page_id=9","title":{"rendered":"SERVICE F\u00dcR VERK\u00c4UFER"},"content":{"rendered":"<p><strong>Sie m\u00f6chten eine Immobilie oder mehrere verkaufen?<\/strong><\/p>\n<p>Erfolg kennt keinen Zufall. Erfolgreicher Verkauf ist das Ergebnis systematischer Arbeit, klarer Strategie und langj\u00e4hriger Erfahrung. Unser Ziel ist es, Ihre Immobilien zum Bestpreis f\u00fcr Sie zu verkaufen. Zielf\u00fchrend hierf\u00fcr ist professionelle Vermarktung auf ganzer Linie. Angefangen beim pers\u00f6nlichen Auftritt, der Aussch\u00f6pfung medienwirksamer Vertriebskan\u00e4le bis hin zur direkten Ansprache unserer t\u00e4glich wachsenden Zahl von Bestandskunden \u2013 so findet Ihr Verkaufsangebot die passenden K\u00e4ufer.<\/p>\n<p><strong>Konkret bieten\u00a0wir Ihnen als Verk\u00e4ufer folgendes:<\/strong><\/p>\n<ul>\n<li>Ermittlung des Marktwertes Ihrer Immobilie(n) durch Erfassung von Objektdaten, Lageeinsch\u00e4tzung sowie Bewertung der vorherrschenden Markt- und Verkaufsfaktoren<\/li>\n<li>Professionelles verkaufsstarkes Expose mit besonderem Hinblick auf verkaufsf\u00f6rdernde Eigenschaften Ihrer Immobilie<\/li>\n<li>Zusammenf\u00fchrung mit Kaufinteressenten aus unserem Bestand und\/oder\u2026<\/li>\n<li>\u2026 zielgruppenorientierte Vermarktung in Online- bzw. Print-Medien<\/li>\n<li>Vorauswahl von Kaufinteressenten<\/li>\n<li>Durchf\u00fchrung von Besichtigungen, auf Wunsch mit h\u00f6chstm\u00f6glicher Diskretion gegen\u00fcber Dritten (Mietern, Hausverwaltungen etc.)<\/li>\n<li>Professionelle Verhandlungsf\u00fchrung<\/li>\n<li>Bonit\u00e4tspr\u00fcfungen, Vorbereitung und Beauftragung von unterschriftsreifen Kaufvertragsdokumenten<\/li>\n<li>Auf Wunsch Vermittlung von rechtlichen oder steuerlichen Beratungen<\/li>\n<\/ul>\n<p>&nbsp;<\/p>\n<p><strong>Wenn Sie Ihre Immobilie(n) zum Bestpreis verkaufen wollen, <a href=\"mailto:info@immolo.net\">schreiben Sie uns gleich<\/a>. Unsere K\u00e4ufer warten schon auf Ihr Angebot!<\/strong><\/p>\n<p>Informationen zum Energieausweis <a href=\"https:\/\/www.homeday.de\/infografik-energieausweis\/?utm_source=All+realtor+database+%28without+Homeday+realtors%29&amp;utm_campaign=a449394fbb-Infografik+Energieausweis+%28externe+Datenbank%29&amp;utm_medium=email&amp;utm_term=0_b111deb30a-a449394fbb-100056785\" target=\"_blank\" rel=\"noopener noreferrer\">finden Sie hier<\/a>.<\/p>\n","protected":false},"excerpt":{"rendered":"<p>Sie m\u00f6chten eine Immobilie oder mehrere verkaufen? Erfolg kennt keinen Zufall. Erfolgreicher Verkauf ist das Ergebnis systematischer Arbeit, klarer Strategie und langj\u00e4hriger Erfahrung. Unser Ziel ist es, Ihre Immobilien zum Bestpreis f\u00fcr Sie zu verkaufen. Zielf\u00fchrend hierf\u00fcr ist professionelle Vermarktung auf ganzer Linie. Angefangen beim pers\u00f6nlichen Auftritt, der Aussch\u00f6pfung medienwirksamer \u2026 <a class=\"continue-reading-link\" href=\"https:\/\/immolo.net\/?page_id=9\"> Continue reading<\/a><\/p>\n","protected":false},"author":2,"featured_media":0,"parent":0,"menu_order":0,"comment_status":"closed","ping_status":"open","template":"","meta":{"footnotes":""},"class_list":["post-9","page","type-page","status-publish","hentry"],"_links":{"self":[{"href":"https:\/\/immolo.net\/index.php?rest_route=\/wp\/v2\/pages\/9","targetHints":{"allow":["GET"]}}],"collection":[{"href":"https:\/\/immolo.net\/index.php?rest_route=\/wp\/v2\/pages"}],"about":[{"href":"https:\/\/immolo.net\/index.php?rest_route=\/wp\/v2\/types\/page"}],"author":[{"embeddable":true,"href":"https:\/\/immolo.net\/index.php?rest_route=\/wp\/v2\/users\/2"}],"replies":[{"embeddable":true,"href":"https:\/\/immolo.net\/index.php?rest_route=%2Fwp%2Fv2%2Fcomments&post=9"}],"version-history":[{"count":10,"href":"https:\/\/immolo.net\/index.php?rest_route=\/wp\/v2\/pages\/9\/revisions"}],"predecessor-version":[{"id":258,"href":"https:\/\/immolo.net\/index.php?rest_route=\/wp\/v2\/pages\/9\/revisions\/258"}],"wp:attachment":[{"href":"https:\/\/immolo.net\/index.php?rest_route=%2Fwp%2Fv2%2Fmedia&parent=9"}],"curies":[{"name":"wp","href":"https:\/\/api.w.org\/{rel}","templated":true}]}}